 base 5
-401040411
-3e88a8 (base 16) to base 7
-46556103
Convert 29b3c (base 14) to base 13.
382ab
414325 (base 6) to base 13
12275
What is -742571 (base 9) in base 15?
-8ac44
What is 6536255 (base 8) in base 9?
3260550
Convert -2016516 (base 7) to base 9.
-405213
10101000100100101000010 (base 2) to base 14
a3b078
343303024 (base 5) to base 7
16045516
Convert 3691063 (base 12) to base 3.
202000112110210
73397 (base 13) to base 5
23112044
What is 293dc9 (base 15) in base 8?
7452036
23662016 (base 8) to base 4
103312100032
What is -1135332 (base 7) in base 5?
-14043134
-144274 (base 9) to base 16
-15976
What is -6239487 (base 10) in base 8?
-27632377
What is 10322022 (base 4) in base 2?
100111010001010
Convert 337180 (base 9) to base 2.
110001010101100110
210541200 (base 6) to base 8
16032300
-1100010011111110011 (base 2) to base 15
-7e813
What is 3566631 (base 7) in base 14?
bb518
What is 2499918 (base 11) in base 4?
100201222112
-470209 (base 10) to base 4
-1302303001
Convert -3230214234 (base 5) to base 14.
-cb2272
1016456 (base 8) to base 16
41d2e
What is 115043251 (base 6) in base 4?
20120303233
What is -3814b (base 13) in base 14?
-29a03
What is 31841 (base 14) in base 9?
202067
What is -3074102 (base 9) in base 12?
-672b55
-a1845 (base 13) to base 9
-480651
Convert 308cd (base 15) to base 7.
1210411
13301113012 (base 4) to base 10
2037190
Convert 3122777 (base 8) to base 10.
828927
What is -987607 (base 11) in base 13?
-43282a
Convert -1102220122211 (base 3) to base 14.
-15d1b5
5c5577 (base 16) to base 3
102101102200012
Convert 1111111111100001 (base 2) to base 9.
108763
2144250 (base 6) to base 16
1a2e6
What is 1110000100200 (base 3) in base 5?
144033043
fe64 (base 16) to base 14
19a3a
Convert 927901 (base 13) to base 4.
31001321230
What is 327db (base 14) in base 3?
20012202200
Convert -13213122 (base 4) to base 7.
-156642
304457 (base 12) to base 9
1368324
Convert -436024 (base 8) to base 16.
-23c14
Convert 41640333 (base 8) to base 14.
126a443
Convert 623861 (base 9) to base 11.
233242
Convert 13333323320 (base 4) to base 8.
7777370
263758 (base 13) to base 8
3410307
b39a (base 15) to base 8
112071
-2504088 (base 9) to base 2
-101001100010011100011
Convert 10756765 (base 8) to base 13.
643b9c
What is -72525571 (base 8) in base 12?
-51980a1
Convert 66353 (base 10) to base 7.
364310
What is a47b7 (base 12) in base 14?
58711
What is 9cc3 (base 16) in base 15?
bd56
-2223521 (base 10) to base 12
-8b2915
What is -100111100111001111 (base 2) in base 10?
-162255
Convert -31570816 (base 9) to base 7.
-243246354
Convert 14310213 (base 5) to base 3.
21122200212
What is 2780f (base 16) in base 4?
213200033
What is 2322013203 (base 4) in base 10?
762339
Convert -29ce0 (base 15) to base 4.
-200312013
-1c9704 (base 14) to base 9
-1831784
Convert -36340 (base 7) to base 8.
-22334
Convert 2058187 (base 9) to base 2.
100001100111101101111
Convert 30a6bbb (base 12) to base 13.
1b94325
Convert 32231031 (base 5) to base 7.
2220342
-107335740 (base 8) to base 2
-1000111011011101111100000
What is -2000022222220 (base 3) in base 16?
-105180
What is -5141150 (base 7) in base 8?
-2261253
What is -20c2a (base 14) in base 10?
-79222
Convert -1257b95 (base 12) to base 11.
-203a637
What is 30311412 (base 5) in base 9?
412475
What is 2231a64 (base 12) in base 15?
8914c4
What is 3faf59 (base 16) in base 11?
23a0804
What is -10010202020020 (base 3) in base 10?
-1668120
Convert -277715 (base 8) to base 9.
-158700
What is -10111100101010101 (base 2) in base 11?
-66636
Convert 567720 (base 8) to base 13.
697ac
460a8 (base 13) to base 10
127564
Convert 25d3c (base 16) to base 2.
100101110100111100
Convert 131134042 (base 6) to base 8.
11654312
7ba451 (base 13) to base 8
13146176
-10010111100000101101110 (base 2) to base 12
-17b5126
16878515 (base 9) to base 12
2a18935
What is 1484784 (base 10) in base 14?
2a9160
Convert -95b06 (base 14) to base 5.
-43033001
-2311a (base 12) to base 2
-1011011011100110
1101010111000100110 (base 2) to base 6
13214502
Convert -13e689 (base 15) to base 7.
-11105526
What is 11432113102 (base 5) in base 6?
1202240123
746441 (base 9) to base 14
b7cd4
Convert -1123132043 (base 5) to base 12.
-a30b30
-35446665 (base 7) to base 5
-1300404410
Convert -417722 (base 10) to base 15.
-83b82
7187b6 (base 14) to base 9
7172173
What is -1003430430 (base 5) in base 7?
-23060102
Convert 222010 (base 10) to base 3.
102021112121
Convert a708a1 (base 14) to base 12.
1a85025
345155 (base 7) to base 6
1154125
-20210202012 (base 3) to base 9
-223665
124545a (base 11) to base 6
114141211
What is -506664 (base 9) in base 4?
-1021102003
What is 2b5025 (base 13) in base 15?
16159d
4554443 (base 6) to base 5
24424034
Convert -112321120030 (base 4) to base 12.
-20155a4
2367642 (base 8) to base 5
131314140
What is -60507 (base 9) in base 10?
-39778
What is -2696a (base 11) in base 4?
-21120201
-331f99 (base 16) to base 2
-1100110001111110011001
c2382 (base 13) to base 12
1492a3
What is -126031613 (base 7) in base 15?
-aa78db
Convert 20671651 (base 8) to base 13.
bba0c1
What is -16774 (base 13) in base 7?
-236266
Convert 67683 (base 11) to base 6.
2033340
Convert 110201121220201 (base 3) to base 5.
3212413400
What is -151231 (base 7) in base 14?
-a951
What is 676a8 (base 12) in base 14?
3817a
Convert -11012103 (base 4) to base 7.
-114612
20356503 (base 7) to base 11
a6a129
242264 (base 9) to base 5
14133040
202000110221 (base 3) to base 11
24a030
4770474 (base 8) to base 5
313310230
-660 (base 15) to base 3
-1222100
What is -2879578 (base 10) in base 11?
-1697519
Convert -2231533 (base 6) to base 14.
-2d357
Convert -56747 (base 10) to base 14.
-16975
Convert -11000010000111000000 (base 2) to base 9.
-1441563
-38089 (base 11) to base 13
-1bb63
-10444041 (base 5) to base 9
-152411
Convert -5b1a (base 15) to base 8.
-45657
What is 3a4396 (base 12) in base 13?
278733
Convert 1558344 (base 9) to base 7.
10233430
-10011001000100111000010 (base 2) to base 15
-691352
What is 141302 (base 8) in base 7?
265234
d18b (base 14) to base 4
20302113
What is -2433864 (base 10) in base 9?
-4518563
Convert 4bb552 (base 16) to base 13.
104948c
-10000010010010011100010 (base 2) to base 9
-8026316
What is 1418050 (base 11) in base 3?
11121000120110
Convert -85976 (base 10) to base 5.
-10222401
5938159 (base 10) to base 16
5a9bef
-1020001122012221 (base 3) to base 8
-103013775
Convert -1102120121 (base 3) to base 8.
-66733
Convert 20147464 (base 8) to base 16.
40cf34
-100101111110010011 (base 2) to base 16
-25f93
-11100001000101001100000 (base 2) to base 9
-14781201
Convert -821831 (base 12) to base 16.
-1f0d65
185bb (base 15) to base 3
11000021012
-1675142 (base 9) to base 13
-269a0b
Convert -10002222101210 (base 3) to base 13.
-45b48a
Convert -433ec3 (base 16) to base 4.
-100303323003
-315156 (base 10) to base 11
-1a5866
12824 (base 16) to base 8
224044
What is -15165301 (base 8) in base 5?
-1341433334
Convert 86900 (base 11) to base 10.
126203
Convert -12100212212 (base 3) to base 11.
-72399
1679b (base 14) to base 10
56389
What is 32303120031 (base 4) in base 3?
21022010222210
Convert -21020021121 (base 3) to base 6.
-3015024
Convert -1100322310 (base 4) to base 15.
-68314
Convert 110201010212 (base 3) to base 7.
2061206
-10001001010100011010 (base 2) to base 9
-1046483
3348634 (base 10) to base 4
30301202122
What is -307203 (base 8) in base 5?
-11231034
What is 10230203031 (base 4) in base 11?
7709aa
-115c7ca (base 14) to base 15
-adc6cd
2124550 (base 6) to base 16
19932
Convert 217735 (base 8) to base 11.
50404
What is f347 (base 16) in base 6?
1200155
What is 440588 (base 11) in base 10?
703469
534322 (base 7) to base 4
112221211
-20351120 (base 8) to base 12
-1540414
Convert -3306843 (base 11) to base 9.
-11830431
29d35d (base 14) to base 3
2202001122012
Convert 13011012 (base 4) to base 6.
342130
What is -1210111202211 (base 3) in base 10?
-954823
2189261 (base 11) to base 6
214100033
Convert 93a78 (base 12) to base 14.
50660
Convert -5cf3e3 (base 16) to base 15.
-804e67
Convert 703656 (base 9) to base 2.
1100101100101000011
Convert 32522103 (base 7) to base 11.
163a336
What is -149894b (base 14) in base 6?
-555225235
What is -1325c79 (base 13) in base 12?
-201a663
Convert -93970